{"id":7,"date":"2017-07-24T15:37:37","date_gmt":"2017-07-24T15:37:37","guid":{"rendered":"http:\/\/saintebarbe.skiclubmauricetieche.fr\/?page_id=7"},"modified":"2026-03-30T21:17:59","modified_gmt":"2026-03-30T21:17:59","slug":"accueil","status":"publish","type":"page","link":"https:\/\/www.foiredelasaintebarbe.fr\/","title":{"rendered":"Accueil"},"content":{"rendered":"\t\t<div data-elementor-type=\"wp-post\" data-elementor-id=\"7\" class=\"elementor elementor-7\">\n\t\t\t\t\t\t<section class=\"elementor-section elementor-top-section elementor-element elementor-element-76037cc5 elementor-section-boxed elementor-section-height-default elementor-section-height-default\" data-id=\"76037cc5\" data-element_type=\"section\" data-e-type=\"section\">\n\t\t\t\t\t\t<div class=\"elementor-container elementor-column-gap-default\">\n\t\t\t\t\t<div class=\"elementor-column elementor-col-100 elementor-top-column elementor-element elementor-element-10738260\" data-id=\"10738260\" data-element_type=\"column\" data-e-type=\"column\">\n\t\t\t<div class=\"elementor-widget-wrap elementor-element-populated\">\n\t\t\t\t\t\t<div class=\"elementor-element elementor-element-24d7e45e elementor-widget elementor-widget-text-editor\" data-id=\"24d7e45e\" data-element_type=\"widget\" data-e-type=\"widget\" data-widget_type=\"text-editor.default\">\n\t\t\t\t<div class=\"elementor-widget-container\">\n\t\t\t\t\t\t\t\t\t<h1 style=\"text-align: center;\">La foire de la Sainte Barbe \u00e0 l&rsquo;honneur d&rsquo;organiser cette ann\u00e9e la f\u00eate de la musique de Collonges qui aura lieu le 20 juin 2026 \u00e0 la salle des f\u00eates !<\/h1>\n<div>&nbsp;<\/div>\n<h1 style=\"text-align: center;\">Nous serons \u00e9galement pr\u00e9sents lors du 14 juillet pour nous occuper de la restauration et des boissons<\/h1>\n<h1 style=\"text-align: center;\">La foire de la Sainte Barbe Revient pour une nouvelle \u00e9dition le 28 et 29 novembre 2026 !<\/h1>\n<p style=\"text-align: center;\">Une <strong><span style=\"color: #7ab3d9;\">f\u00eate foraine<\/span> <\/strong>sur la place du march\u00e9<\/p>\n<p style=\"text-align: center;\">Des animations&nbsp;<strong><span style=\"color: #7ab3d9;\">musicales<\/span><\/strong> et <strong><span style=\"color: #7ab3d9;\">dansantes<\/span><\/strong><\/p>\n<p style=\"text-align: center;\">Une<strong><span style=\"color: #7ab3d9;\"> restauration<\/span> <\/strong>non-stop<\/p>\n<p style=\"text-align: center;\">Les <strong><span style=\"color: #7ab3d9;\">forains des rues<\/span> <\/strong>le dimanche<b><\/b><i><\/i><u><\/u><\/p>\n<p style=\"text-align: center;\">Programme \u00e0 venir&#8230;<\/p>\n<p style=\"text-align: center;\">La&nbsp; salle des f\u00eates de Collonges-sous-Sal\u00e8ve se trouve au centre du village \u00e0 proximit\u00e9 des deux \u00e9coles et de l&rsquo;\u00e9glise, elle fait partie de l&rsquo;espace omnisports du Sal\u00e8ve.<\/p>\n<h1 style=\"text-align: center;\"><strong><span style=\"color: #7ab3d9;\">La foire de la Sainte-Barbe, c&rsquo;est depuis 1983 et depuis 41 ans!<\/span><\/strong><\/h1>\t\t\t\t\t\t\t\t<\/div>\n\t\t\t\t<\/div>\n\t\t\t\t\t<\/div>\n\t\t<\/div>\n\t\t\t\t\t<\/div>\n\t\t<\/section>\n\t\t\t\t<section class=\"elementor-section elementor-top-section elementor-element elementor-element-90431c3 elementor-section-boxed elementor-section-height-default elementor-section-height-default\" data-id=\"90431c3\" data-element_type=\"section\" data-e-type=\"section\">\n\t\t\t\t\t\t<div class=\"elementor-container elementor-column-gap-default\">\n\t\t\t\t\t<div class=\"elementor-column elementor-col-100 elementor-top-column elementor-element elementor-element-0512ce0\" data-id=\"0512ce0\" data-element_type=\"column\" data-e-type=\"column\">\n\t\t\t<div class=\"elementor-widget-wrap\">\n\t\t\t\t\t\t\t<\/div>\n\t\t<\/div>\n\t\t\t\t\t<\/div>\n\t\t<\/section>\n\t\t\t\t<\/div>\n\t\t","protected":false},"excerpt":{"rendered":"<p>La foire de la Sainte Barbe \u00e0 l&rsquo;honneur d&rsquo;organiser cette ann\u00e9e la f\u00eate de la musique de Collonges qui aura lieu le 20 juin 2026 \u00e0 la salle des f\u00eates ! &nbsp; Nous serons \u00e9galement pr\u00e9sents lors du 14 juillet pour nous occuper de la restauration et des boissons La foire de la Sainte Barbe &hellip; <\/p>\n<p class=\"link-more\"><a href=\"https:\/\/www.foiredelasaintebarbe.fr\/\" class=\"more-link\">Continuer la lecture<span class=\"screen-reader-text\"> de &laquo;&nbsp;Accueil&nbsp;&raquo;<\/span><\/a><\/p>\n","protected":false},"author":1,"featured_media":0,"parent":0,"menu_order":0,"comment_status":"closed","ping_status":"closed","template":"","meta":{"footnotes":""},"class_list":["post-7","page","type-page","status-publish","hentry"],"yoast_head":"<!-- This site is optimized with the Yoast SEO plugin v27.2 - https:\/\/yoast.com\/product\/yoast-seo-wordpress\/ -->\n<title>Accueil - Foire de la Sainte Barbe<\/title>\n<meta name=\"robots\" content=\"index, follow, max-snippet:-1, max-image-preview:large, max-video-preview:-1\" \/>\n<link rel=\"canonical\" href=\"http:\/\/www.foiredelasaintebarbe.fr\/\" \/>\n<meta property=\"og:locale\" content=\"fr_FR\" \/>\n<meta property=\"og:type\" content=\"article\" \/>\n<meta property=\"og:title\" content=\"Accueil - Foire de la Sainte Barbe\" \/>\n<meta property=\"og:description\" content=\"La foire de la Sainte Barbe \u00e0 l&rsquo;honneur d&rsquo;organiser cette ann\u00e9e la f\u00eate de la musique de Collonges qui aura lieu le 20 juin 2026 \u00e0 la salle des f\u00eates ! &nbsp; Nous serons \u00e9galement pr\u00e9sents lors du 14 juillet pour nous occuper de la restauration et des boissons La foire de la Sainte Barbe &hellip; Continuer la lecture de &laquo;&nbsp;Accueil&nbsp;&raquo;\" \/>\n<meta property=\"og:url\" content=\"http:\/\/www.foiredelasaintebarbe.fr\/\" \/>\n<meta property=\"og:site_name\" content=\"Foire de la Sainte Barbe\" \/>\n<meta property=\"article:modified_time\" content=\"2026-03-30T21:17:59+00:00\" \/>\n<meta name=\"twitter:card\" content=\"summary_large_image\" \/>\n<meta name=\"twitter:label1\" content=\"Dur\u00e9e de lecture estim\u00e9e\" \/>\n\t<meta name=\"twitter:data1\" content=\"1 minute\" \/>\n<script type=\"application\/ld+json\" class=\"yoast-schema-graph\">{\"@context\":\"https:\/\/schema.org\",\"@graph\":[{\"@type\":\"WebPage\",\"@id\":\"http:\/\/www.foiredelasaintebarbe.fr\/\",\"url\":\"http:\/\/www.foiredelasaintebarbe.fr\/\",\"name\":\"Accueil - Foire de la Sainte Barbe\",\"isPartOf\":{\"@id\":\"http:\/\/www.foiredelasaintebarbe.fr\/#website\"},\"datePublished\":\"2017-07-24T15:37:37+00:00\",\"dateModified\":\"2026-03-30T21:17:59+00:00\",\"breadcrumb\":{\"@id\":\"http:\/\/www.foiredelasaintebarbe.fr\/#breadcrumb\"},\"inLanguage\":\"fr-FR\",\"potentialAction\":[{\"@type\":\"ReadAction\",\"target\":[\"http:\/\/www.foiredelasaintebarbe.fr\/\"]}]},{\"@type\":\"BreadcrumbList\",\"@id\":\"http:\/\/www.foiredelasaintebarbe.fr\/#breadcrumb\",\"itemListElement\":[{\"@type\":\"ListItem\",\"position\":1,\"name\":\"Accueil\",\"item\":\"http:\/\/www.foiredelasaintebarbe.fr\/\"},{\"@type\":\"ListItem\",\"position\":2,\"name\":\"Accueil\"}]},{\"@type\":\"WebSite\",\"@id\":\"http:\/\/www.foiredelasaintebarbe.fr\/#website\",\"url\":\"http:\/\/www.foiredelasaintebarbe.fr\/\",\"name\":\"Foire de la Sainte Barbe\",\"description\":\"\",\"publisher\":{\"@id\":\"http:\/\/www.foiredelasaintebarbe.fr\/#organization\"},\"potentialAction\":[{\"@type\":\"SearchAction\",\"target\":{\"@type\":\"EntryPoint\",\"urlTemplate\":\"http:\/\/www.foiredelasaintebarbe.fr\/?s={search_term_string}\"},\"query-input\":{\"@type\":\"PropertyValueSpecification\",\"valueRequired\":true,\"valueName\":\"search_term_string\"}}],\"inLanguage\":\"fr-FR\"},{\"@type\":\"Organization\",\"@id\":\"http:\/\/www.foiredelasaintebarbe.fr\/#organization\",\"name\":\"foire de la sainte-barbe\",\"url\":\"http:\/\/www.foiredelasaintebarbe.fr\/\",\"logo\":{\"@type\":\"ImageObject\",\"inLanguage\":\"fr-FR\",\"@id\":\"http:\/\/www.foiredelasaintebarbe.fr\/#\/schema\/logo\/image\/\",\"url\":\"http:\/\/www.foiredelasaintebarbe.fr\/wp-content\/uploads\/2017\/07\/saint-barbe-bleu-icon.jpg\",\"contentUrl\":\"http:\/\/www.foiredelasaintebarbe.fr\/wp-content\/uploads\/2017\/07\/saint-barbe-bleu-icon.jpg\",\"width\":512,\"height\":515,\"caption\":\"foire de la sainte-barbe\"},\"image\":{\"@id\":\"http:\/\/www.foiredelasaintebarbe.fr\/#\/schema\/logo\/image\/\"}}]}<\/script>\n<!-- \/ Yoast SEO plugin. -->","yoast_head_json":{"title":"Accueil - Foire de la Sainte Barbe","robots":{"index":"index","follow":"follow","max-snippet":"max-snippet:-1","max-image-preview":"max-image-preview:large","max-video-preview":"max-video-preview:-1"},"canonical":"http:\/\/www.foiredelasaintebarbe.fr\/","og_locale":"fr_FR","og_type":"article","og_title":"Accueil - Foire de la Sainte Barbe","og_description":"La foire de la Sainte Barbe \u00e0 l&rsquo;honneur d&rsquo;organiser cette ann\u00e9e la f\u00eate de la musique de Collonges qui aura lieu le 20 juin 2026 \u00e0 la salle des f\u00eates ! &nbsp; Nous serons \u00e9galement pr\u00e9sents lors du 14 juillet pour nous occuper de la restauration et des boissons La foire de la Sainte Barbe &hellip; Continuer la lecture de &laquo;&nbsp;Accueil&nbsp;&raquo;","og_url":"http:\/\/www.foiredelasaintebarbe.fr\/","og_site_name":"Foire de la Sainte Barbe","article_modified_time":"2026-03-30T21:17:59+00:00","twitter_card":"summary_large_image","twitter_misc":{"Dur\u00e9e de lecture estim\u00e9e":"1 minute"},"schema":{"@context":"https:\/\/schema.org","@graph":[{"@type":"WebPage","@id":"http:\/\/www.foiredelasaintebarbe.fr\/","url":"http:\/\/www.foiredelasaintebarbe.fr\/","name":"Accueil - Foire de la Sainte Barbe","isPartOf":{"@id":"http:\/\/www.foiredelasaintebarbe.fr\/#website"},"datePublished":"2017-07-24T15:37:37+00:00","dateModified":"2026-03-30T21:17:59+00:00","breadcrumb":{"@id":"http:\/\/www.foiredelasaintebarbe.fr\/#breadcrumb"},"inLanguage":"fr-FR","potentialAction":[{"@type":"ReadAction","target":["http:\/\/www.foiredelasaintebarbe.fr\/"]}]},{"@type":"BreadcrumbList","@id":"http:\/\/www.foiredelasaintebarbe.fr\/#breadcrumb","itemListElement":[{"@type":"ListItem","position":1,"name":"Accueil","item":"http:\/\/www.foiredelasaintebarbe.fr\/"},{"@type":"ListItem","position":2,"name":"Accueil"}]},{"@type":"WebSite","@id":"http:\/\/www.foiredelasaintebarbe.fr\/#website","url":"http:\/\/www.foiredelasaintebarbe.fr\/","name":"Foire de la Sainte Barbe","description":"","publisher":{"@id":"http:\/\/www.foiredelasaintebarbe.fr\/#organization"},"potentialAction":[{"@type":"SearchAction","target":{"@type":"EntryPoint","urlTemplate":"http:\/\/www.foiredelasaintebarbe.fr\/?s={search_term_string}"},"query-input":{"@type":"PropertyValueSpecification","valueRequired":true,"valueName":"search_term_string"}}],"inLanguage":"fr-FR"},{"@type":"Organization","@id":"http:\/\/www.foiredelasaintebarbe.fr\/#organization","name":"foire de la sainte-barbe","url":"http:\/\/www.foiredelasaintebarbe.fr\/","logo":{"@type":"ImageObject","inLanguage":"fr-FR","@id":"http:\/\/www.foiredelasaintebarbe.fr\/#\/schema\/logo\/image\/","url":"http:\/\/www.foiredelasaintebarbe.fr\/wp-content\/uploads\/2017\/07\/saint-barbe-bleu-icon.jpg","contentUrl":"http:\/\/www.foiredelasaintebarbe.fr\/wp-content\/uploads\/2017\/07\/saint-barbe-bleu-icon.jpg","width":512,"height":515,"caption":"foire de la sainte-barbe"},"image":{"@id":"http:\/\/www.foiredelasaintebarbe.fr\/#\/schema\/logo\/image\/"}}]}},"_links":{"self":[{"href":"https:\/\/www.foiredelasaintebarbe.fr\/index.php?rest_route=\/wp\/v2\/pages\/7","targetHints":{"allow":["GET"]}}],"collection":[{"href":"https:\/\/www.foiredelasaintebarbe.fr\/index.php?rest_route=\/wp\/v2\/pages"}],"about":[{"href":"https:\/\/www.foiredelasaintebarbe.fr\/index.php?rest_route=\/wp\/v2\/types\/page"}],"author":[{"embeddable":true,"href":"https:\/\/www.foiredelasaintebarbe.fr\/index.php?rest_route=\/wp\/v2\/users\/1"}],"replies":[{"embeddable":true,"href":"https:\/\/www.foiredelasaintebarbe.fr\/index.php?rest_route=%2Fwp%2Fv2%2Fcomments&post=7"}],"version-history":[{"count":63,"href":"https:\/\/www.foiredelasaintebarbe.fr\/index.php?rest_route=\/wp\/v2\/pages\/7\/revisions"}],"predecessor-version":[{"id":2655,"href":"https:\/\/www.foiredelasaintebarbe.fr\/index.php?rest_route=\/wp\/v2\/pages\/7\/revisions\/2655"}],"wp:attachment":[{"href":"https:\/\/www.foiredelasaintebarbe.fr\/index.php?rest_route=%2Fwp%2Fv2%2Fmedia&parent=7"}],"curies":[{"name":"wp","href":"https:\/\/api.w.org\/{rel}","templated":true}]}}

<div data-elementor-type="wp-post" data-elementor-id="7" class="elementor elementor-7">
						<section class="elementor-section elementor-top-section elementor-element elementor-element-76037cc5 elementor-section-boxed elementor-section-height-default elementor-section-height-default" data-id="76037cc5" data-element_type="section" data-e-type="section">
						<div class="elementor-container elementor-column-gap-default">
					<div class="elementor-column elementor-col-100 elementor-top-column elementor-element elementor-element-10738260" data-id="10738260" data-element_type="column" data-e-type="column">
			<div class="elementor-widget-wrap elementor-element-populated">
						<div class="elementor-element elementor-element-24d7e45e elementor-widget elementor-widget-text-editor" data-id="24d7e45e" data-element_type="widget" data-e-type="widget" data-widget_type="text-editor.default">
				<div class="elementor-widget-container">
									<h1 style="text-align: center;">La foire de la Sainte Barbe à l&rsquo;honneur d&rsquo;organiser cette année la fête de la musique de Collonges qui aura lieu le 20 juin 2026 à la salle des fêtes !</h1>
<div>&nbsp;</div>
<h1 style="text-align: center;">Nous serons également présents lors du 14 juillet pour nous occuper de la restauration et des boissons</h1>
<h1 style="text-align: center;">La foire de la Sainte Barbe Revient pour une nouvelle édition le 28 et 29 novembre 2026 !</h1>
<p style="text-align: center;">Une <strong><span style="color: #7ab3d9;">fête foraine</span> </strong>sur la place du marché</p>
<p style="text-align: center;">Des animations&nbsp;<strong><span style="color: #7ab3d9;">musicales</span></strong> et <strong><span style="color: #7ab3d9;">dansantes</span></strong></p>
<p style="text-align: center;">Une<strong><span style="color: #7ab3d9;"> restauration</span> </strong>non-stop</p>
<p style="text-align: center;">Les <strong><span style="color: #7ab3d9;">forains des rues</span> </strong>le dimanche<b></b><i></i><u></u></p>
<p style="text-align: center;">Programme à venir&#8230;</p>
<p style="text-align: center;">La&nbsp; salle des fêtes de Collonges-sous-Salève se trouve au centre du village à proximité des deux écoles et de l&rsquo;église, elle fait partie de l&rsquo;espace omnisports du Salève.</p>
<h1 style="text-align: center;"><strong><span style="color: #7ab3d9;">La foire de la Sainte-Barbe, c&rsquo;est depuis 1983 et depuis 41 ans!</span></strong></h1>								</div>
				</div>
					</div>
		</div>
					</div>
		</section>
				<section class="elementor-section elementor-top-section elementor-element elementor-element-90431c3 elementor-section-boxed elementor-section-height-default elementor-section-height-default" data-id="90431c3" data-element_type="section" data-e-type="section">
						<div class="elementor-container elementor-column-gap-default">
					<div class="elementor-column elementor-col-100 elementor-top-column elementor-element elementor-element-0512ce0" data-id="0512ce0" data-element_type="column" data-e-type="column">
			<div class="elementor-widget-wrap">
							</div>
		</div>
					</div>
		</section>
				</div>

<p>La foire de la Sainte Barbe à l&rsquo;honneur d&rsquo;organiser cette année la fête de la musique de Collonges qui aura lieu le 20 juin 2026 à la salle des fêtes ! &nbsp; Nous serons également présents lors du 14 juillet pour nous occuper de la restauration et des boissons La foire de la Sainte Barbe &hellip; </p>
<p class="link-more"><a href="https://www.foiredelasaintebarbe.fr/" class="more-link">Continuer la lecture<span class="screen-reader-text"> de &laquo;&nbsp;Accueil&nbsp;&raquo;</span></a></p>

<!-- This site is optimized with the Yoast SEO plugin v27.2 - https://yoast.com/product/yoast-seo-wordpress/ -->
<title>Accueil - Foire de la Sainte Barbe</title>
<meta name="robots" content="index, follow, max-snippet:-1, max-image-preview:large, max-video-preview:-1" />
<link rel="canonical" href="http://www.foiredelasaintebarbe.fr/" />
<meta property="og:locale" content="fr_FR" />
<meta property="og:type" content="article" />
<meta property="og:title" content="Accueil - Foire de la Sainte Barbe" />
<meta property="og:description" content="La foire de la Sainte Barbe à l&rsquo;honneur d&rsquo;organiser cette année la fête de la musique de Collonges qui aura lieu le 20 juin 2026 à la salle des fêtes ! &nbsp; Nous serons également présents lors du 14 juillet pour nous occuper de la restauration et des boissons La foire de la Sainte Barbe &hellip; Continuer la lecture de &laquo;&nbsp;Accueil&nbsp;&raquo;" />
<meta property="og:url" content="http://www.foiredelasaintebarbe.fr/" />
<meta property="og:site_name" content="Foire de la Sainte Barbe" />
<meta property="article:modified_time" content="2026-03-30T21:17:59+00:00" />
<meta name="twitter:card" content="summary_large_image" />
<meta name="twitter:label1" content="Durée de lecture estimée" />
	<meta name="twitter:data1" content="1 minute" />
<script type="application/ld+json" class="yoast-schema-graph">{"@context":"https://schema.org","@graph":[{"@type":"WebPage","@id":"http://www.foiredelasaintebarbe.fr/","url":"http://www.foiredelasaintebarbe.fr/","name":"Accueil - Foire de la Sainte Barbe","isPartOf":{"@id":"http://www.foiredelasaintebarbe.fr/#website"},"datePublished":"2017-07-24T15:37:37+00:00","dateModified":"2026-03-30T21:17:59+00:00","breadcrumb":{"@id":"http://www.foiredelasaintebarbe.fr/#breadcrumb"},"inLanguage":"fr-FR","potentialAction":[{"@type":"ReadAction","target":["http://www.foiredelasaintebarbe.fr/"]}]},{"@type":"BreadcrumbList","@id":"http://www.foiredelasaintebarbe.fr/#breadcrumb","itemListElement":[{"@type":"ListItem","position":1,"name":"Accueil","item":"http://www.foiredelasaintebarbe.fr/"},{"@type":"ListItem","position":2,"name":"Accueil"}]},{"@type":"WebSite","@id":"http://www.foiredelasaintebarbe.fr/#website","url":"http://www.foiredelasaintebarbe.fr/","name":"Foire de la Sainte Barbe","description":"","publisher":{"@id":"http://www.foiredelasaintebarbe.fr/#organization"},"potentialAction":[{"@type":"SearchAction","target":{"@type":"EntryPoint","urlTemplate":"http://www.foiredelasaintebarbe.fr/?s={search_term_string}"},"query-input":{"@type":"PropertyValueSpecification","valueRequired":true,"valueName":"search_term_string"}}],"inLanguage":"fr-FR"},{"@type":"Organization","@id":"http://www.foiredelasaintebarbe.fr/#organization","name":"foire de la sainte-barbe","url":"http://www.foiredelasaintebarbe.fr/","logo":{"@type":"ImageObject","inLanguage":"fr-FR","@id":"http://www.foiredelasaintebarbe.fr/#/schema/logo/image/","url":"http://www.foiredelasaintebarbe.fr/wp-content/uploads/2017/07/saint-barbe-bleu-icon.jpg","contentUrl":"http://www.foiredelasaintebarbe.fr/wp-content/uploads/2017/07/saint-barbe-bleu-icon.jpg","width":512,"height":515,"caption":"foire de la sainte-barbe"},"image":{"@id":"http://www.foiredelasaintebarbe.fr/#/schema/logo/image/"}}]}</script>
<!-- / Yoast SEO plugin. -->

La foire de la Sainte Barbe à l&rsquo;honneur d&rsquo;organiser cette année la fête de la musique de Collonges qui aura lieu le 20 juin 2026 à la salle des fêtes ! &nbsp; Nous serons également présents lors du 14 juillet pour nous occuper de la restauration et des boissons La foire de la Sainte Barbe &hellip; Continuer la lecture de &laquo;&nbsp;Accueil&nbsp;&raquo;
